er when 9 is divided by x.
1
Let i = -15466 - -15474. Suppose 10*z = -v + 5*z + 103, 4*v + 4*z - 396 = 0. Let p = v - 43. Calculate the remainder when p is divided by i.
7
Let k(o) = o**2 + 15*o + 26. Let j be k(-13). Let l be (-2)/7 + j + (-5092)/14. Calculate the remainder when 209 is divided by 1088/26 + 7/(l/(-8)).
41
Let f = 2228 + -1996. Calculate the remainder when f is divided by 149.
83
Let v(d) = 11*d**2 - 13*d + 114. What is the remainder when v(31) is divided by 55?
52
Let s = -10955 + 10964. Let c be (-92)/(-10) + (-3)/15. Let a = c - 5. Calculate the remainder when s is divided by a.
1
Let o(a) = 2525*a + 32832. Let n be -2 + 0 + 2 + 14. Let p = -1 + n. Calculate the remainder when p is divided by o(-13).
6
Suppose -4*q + 2*c + 38 = 0, -4*c - 10 = -6*c. Suppose -2*n + 7*n = 4*s - 33, s - 5*n - q = 0. Calculate the remainder when 26 is divided by s.
5
Let x(h) = -15*h + 91. Let g be x(12). Let r = g + 137. What is the remainder when r is divided by 4?
0
Suppose 0 = 4*x - 5*f - 109, -2*x + 29*f = 22*f - 59. Calculate the remainder when 169 is divided by x.
13
Let r(q) = 2*q**3 - q**2 + 2*q - 3. Let z be (-90)/(-585) + 48/26*1. What is the remainder when 0 + -2 + 46 + 3 is divided by r(z)?
8
Let h = -1489 - -1499. Let d(o) = 3*o**3 + 3*o**2 + 3*o - 5. What is the remainder when d(4) is divided by h?
7
Suppose 0 = 8*k + 186 - 746. Calculate the remainder when 804 is divided by k - 3/((-24)/(-64)).
60
Suppose 53*k - 113*k = 38*k - 3920. Suppose 2*r - 201 = 101. Calculate the remainder when r is divided by k.
31
Let s(u) = -38*u + 2. What is the remainder when s(-2) is divided by -6*(-120)/160*(0 - -6)?
24
Suppose 3*s - 17 = 19. Suppose -s*f + 3 - 3 = 0. Let m(b) = -b**3 + 95. What is the remainder when m(f) is divided by 32?
31
Let d(j) = j + 48. Suppose l - 126 = 4*o, l - 106 = -5*o + 4*o. Calculate the remainder when l is divided by d(-38).
0
Suppose -41*t + 24 = 2*i - 39*t, 5*t - 28 = -3*i. What is the remainder when 269 is divided by i?
13
Let v(x) = -x + 8. Let j be v(6). Suppose 269 = 6*s - s - 3*b, -j*b = -4*s + 214. Calculate the remainder when s is divided by 426/923 - (-98)/13.
4
Suppose 12798*k + 240 = 12803*k. What is the remainder when 1341 is divided by k?
45
Let p = -105 + 107. What is the remainder when 28 - ((-19)/38)/(p/(-12)) is divided by 10?
5
Let x(p) = 3178*p**2 - 2*p + 10. What is the remainder when x(1) is divided by 45?
36
Let s = 40 - 11. Let n = -12049 + 12163. Calculate the remainder when n is divided by s.
27
Suppose -491 - 6078 = -81*v + 15949. Let m(o) = -9*o - 7. Calculate the remainder when v is divided by m(-6).
43
Let b(d) = -d**2 - 62*d - 472. What is the remainder when 753 is divided by b(-11)?
41
Suppose 4*f - 6*i - 4298 = 0, -4283 = -4*f + 4*i - i. What is the remainder when f is divided by 530?
7
Suppose 19*t - 1130 = 694. What is the remainder when t is divided by 18 + -2 + 3 + (-50)/10?
12
Let q(c) = -32*c - 3. Calculate the remainder when q(-3) is divided by 1/(33/(-540) + 8 + 71/(-9)).
13
What is the remainder when 110 is divided by 31 - (135/90)/(-1 - 3/6)?
14
Let v(h) = -h**2 - 21*h + 23. Let w be v(-16). Let t(q) = 42 + 6*q - w - 2. Calculate the remainder when t(15) is divided by 19.
8
Let h(j) = -17*j - 4 - 14*j + 11 + 13. What is the remainder when 198 is divided by h(-1)?
45
Let l(k) = 39*k**2 + k - 1. Let n be l(1). Suppose n*v - 357 = 22*v. Calculate the remainder when 74 is divided by v.
11
Let z(o) = 2*o**3 - 12*o**2 - 5*o + 85. What is the remainder when 207 is divided by z(5)?
7
Suppose -g - 42 = -4*g - 3*z, 2*z = 3*g - 37. Let r(h) = 319*h + 154. Calculate the remainder when r(0) is divided by g.
11
Let c = 1020 + -1017. Suppose -c*h - 2 = 5*n, 0 = 2*h + 3*h - n - 34. Calculate the remainder when 538 is divided by h.
4
Calculate the remainder when 1914 is divided by (40/(-7) + (3 - -1))/((-2)/49).
24
Let s(t) = 47*t**2 + 25*t - 152. What is the remainder when s(4) is divided by 52?
24
Calculate the remainder when 1425 is divided by (12/22*(-880)/(-180))/(8/612).
201
Suppose -5*z - 147 = -347. Calculate the remainder when 153 is divided by z.
33
Let h(f) = 3*f**3 - 18*f**2 + 48*f - 13. What is the remainder when h(6) is divided by 69?
68
Let t = 3242 + -2796. Calculate the remainder when t is divided by 147.
5
Let s(h) = -h**3 + h**2 - 2. Let j(d) = 10*d**3 - 2*d**2 - 2*d + 28. Let z(n) = j(n) + 12*s(n). What is the remainder when z(4) is divided by 12?
4
Suppose -5*p + 5*o = 3 - 123, -6 = 2*o. Let t = 44 + -32. Let j = p - t. What is the remainder when j is divided by 3?
0
Let r be 2 - 0 - (-1)/1. Suppose -r*z = -0*z - 27. Let u(n) = -n**3 + 9*n**2 + 2*n + 10. What is the remainder when 54 is divided by u(z)?
26
Suppose 221*q = 223*q + 3*c - 100, -4*q + 248 = -2*c. What is the remainder when 147 is divided by q?
29
Calculate the remainder when 3999 is divided by 51 + (-6)/(-4)*(-134)/201.
49
Suppose 343*v - 327*v - 33888 = 0. What is the remainder when v is divided by 1053?
12
Let n(z) = z**2 + 172*z + 2928. What is the remainder when 354 is divided by n(-19)?
18
Let j be 355/(-7) - 4/14. Let r(x) = x**3 + 91*x**2 - x - 133. Let p be r(-91). Let f = p - j. What is the remainder when 26 is divided by f?
8
Let b(u) = -u**2 + 5*u - 4. Let w be b(2). Let y(h) = 9*h**2 - 1. What is the remainder when y(w) is divided by 532/42 + (-2)/3?
11
Suppose 138*m = 135*m - 232 + 1084. What is the remainder when m is divided by 110?
64
Suppose 6*m - 168 = -148*w + 145*w, 0 = 2*w - 3*m - 154. What is the remainder when 230 is divided by w?
26
What is the remainder when 8484/101 - 3/(-1) is divided by 68?
19
Let d be -962 + -3 - -1*(2 + -3). Let n = d - -1803. Calculate the remainder when n is divided by 24.
21
Suppose -8019*h + 1895 - 32 = -7950*h. Let z(l) = -158*l**3 - 1. Calculate the remainder when z(-1) is divided by h.
22
What is the remainder when ((-8)/(-10) - 0)*((-34735330)/(-28))/71 is divided by 5?
3
Suppose 0 = -4*d - 3*o + 3291, 0 = -4*d - 0*d + o + 3303. What is the remainder when (54/(-24) - -3) + d/4 is divided by 7?
4
Calculate the remainder when (1456/(-130))/((-4)/10)*37/4 is divided by 119.
21
Suppose 2*w + 1048 = 84*w + 146. Calculate the remainder when 740 is divided by w.
3
Let t = -1909 + 1954. What is the remainder when 175 is divided by t?
40
Suppose 4*j - 175 = -3*n + 21, 5*j = -5*n + 240. Suppose -38*m = -45*m. Suppose m = 7*c - 87 + 45. Calculate the remainder when j is divided by c.
4
Suppose -3*j - 27 - 18 = 0. Let h be 3 - (258/j)/((-2)/10). What is the remainder when 83 is divided by h/(-5) - (-12)/30?
15
Let p = 12475 + -11930. Calculate the remainder when p is divided by 130.
25
Let y(i) = -28 + 9 + 3 + i**2 + 3*i - 24. Calculate the remainder when y(-11) is divided by 25.
23
Suppose -4*k = 2*a + 10, -4*a = -2*k - 2*k + 8. Let r be (3/(-1))/a - -55. Let d = 73 - r. What is the remainder when d is divided by 10?
7
Suppose 318 + 18 = 8*i. Let o(q) = -7*q**3 + q**2 - q. Let a be o(1). Let m = i + a. Calculate the remainder when m is divided by 9.
8
Let a(q) = -46*q**2 - q - 1. Let n be a(-1). Let h = n - -49. Let i(r) = r**2 + r + 1. What is the remainder when 63 is divided by i(h)?
11
Let y(h) = -19*h**3 - 303*h**2 + 51*h + 42. Calculate the remainder when y(-17) is divided by 31.
26
Let w = 6811 - 6800. Calculate the remainder when 2111 is divided by w.
10
Suppose -g + 2*o + 11 = 0, 5*o + 26 = 2*g + 7. Let x(y) = 2*y**2 - 17*y + 8. Let c be (0 + 3)*(8 + (-13)/3). What is the remainder when x(c) is divided by g?
12
Let m = -4460 + 4613. Calculate the remainder when 400 is divided by m.
94
Let k(h) = 4*h - 47. Let m be k(6). Let t(o) = -o - 18. Let x be t(m). Let y(r) = r**3 - 5*r**2 + 2*r + 7. What is the remainder when 48 is divided by y(x)?
14
Suppose 5774 = -35*i - 10361. Let g = i - -471. Calculate the remainder when 38 is divided by g.
8
Calculate the remainder when 10679 + ((-64)/(-160))/(2/(-10)) is divided by 15.
12
Suppose -25*s - 8593 = -46959 - 59384. Calculate the remainder when s is divided by 163.
161
Let q(o) = -749*o - 731. Calculate the remainder when 1/(-2*3/(-1290)) is divided by q(-1).
17
Let z(v) = -36*v**3 + 15*v**2 + 66*v - 1. What is the remainder when z(-3) is divided by 38?
34
Suppose -26*k + 24*k = 3*n - 7, 3*k = -3*n + 15. Let f